{"id":694,"date":"2021-02-08T11:39:21","date_gmt":"2021-02-08T10:39:21","guid":{"rendered":"https:\/\/uzdrowisko-rymanow.com.pl\/sklep\/?post_type=product&#038;p=694"},"modified":"2026-01-19T23:43:31","modified_gmt":"2026-01-19T22:43:31","slug":"celestynka-gazowana-z-aromatem-cytrynowo-mietowy-15-l-x-6-szt","status":"publish","type":"product","link":"https:\/\/uzdrowisko-rymanow.com.pl\/sklep\/produkt\/celestynka-gazowana-z-aromatem-cytrynowo-mietowy-15-l-x-6-szt\/","title":{"rendered":"Celestynka gazowana z aromatem cytrynowo &#8211; mi\u0119towy &#8211; 1,5 l x 6 szt."},"content":{"rendered":"<p>Nap\u00f3j gazowany o smaku cytrynowo-mi\u0119towym &#8211; butelka PET 1,5 L. Sk\u0142adniki: woda, dwutlenek w\u0119gla, aromat naturalny cytrynowy z innymi aromatami naturalnymi, aromat naturalny mi\u0119towy.<\/p>\n","protected":false},"excerpt":{"rendered":"<p>Nap\u00f3j gazowany o smaku cytrynowo-mi\u0119towym &#8211; butelka PET 1,5 L. Sk\u0142adniki: woda, dwutlenek w\u0119gla, aromat naturalny cytrynowy z innymi aromatami naturalnymi, aromat naturalny mi\u0119towy.<\/p>\n","protected":false},"featured_media":15081,"comment_status":"open","ping_status":"closed","template":"","meta":[],"product_brand":[],"product_cat":[171,167],"product_tag":[],"class_list":{"0":"post-694","1":"product","2":"type-product","3":"status-publish","4":"has-post-thumbnail","6":"product_cat-napoje-z-aromatem","7":"product_cat-zaklad-produkcji-wod","8":"product_shipping_class-zgrzewka-15l","10":"first","11":"instock","12":"taxable","13":"shipping-taxable","14":"purchasable","15":"product-type-simple"},"aioseo_notices":[],"_links":{"self":[{"href":"https:\/\/uzdrowisko-rymanow.com.pl\/sklep\/wp-json\/wp\/v2\/product\/694","targetHints":{"allow":["GET"]}}],"collection":[{"href":"https:\/\/uzdrowisko-rymanow.com.pl\/sklep\/wp-json\/wp\/v2\/product"}],"about":[{"href":"https:\/\/uzdrowisko-rymanow.com.pl\/sklep\/wp-json\/wp\/v2\/types\/product"}],"replies":[{"embeddable":true,"href":"https:\/\/uzdrowisko-rymanow.com.pl\/sklep\/wp-json\/wp\/v2\/comments?post=694"}],"wp:featuredmedia":[{"embeddable":true,"href":"https:\/\/uzdrowisko-rymanow.com.pl\/sklep\/wp-json\/wp\/v2\/media\/15081"}],"wp:attachment":[{"href":"https:\/\/uzdrowisko-rymanow.com.pl\/sklep\/wp-json\/wp\/v2\/media?parent=694"}],"wp:term":[{"taxonomy":"product_brand","embeddable":true,"href":"https:\/\/uzdrowisko-rymanow.com.pl\/sklep\/wp-json\/wp\/v2\/product_brand?post=694"},{"taxonomy":"product_cat","embeddable":true,"href":"https:\/\/uzdrowisko-rymanow.com.pl\/sklep\/wp-json\/wp\/v2\/product_cat?post=694"},{"taxonomy":"product_tag","embeddable":true,"href":"https:\/\/uzdrowisko-rymanow.com.pl\/sklep\/wp-json\/wp\/v2\/product_tag?post=694"}],"curies":[{"name":"wp","href":"https:\/\/api.w.org\/{rel}","templated":true}]}}