{"id":235,"date":"2018-09-03T08:10:47","date_gmt":"2018-09-03T06:10:47","guid":{"rendered":"https:\/\/uzdrowisko-rymanow.com.pl\/sklep\/?post_type=product&#038;p=235"},"modified":"2026-02-06T14:23:57","modified_gmt":"2026-02-06T13:23:57","slug":"musujaca-kula-do-kapieli-100g","status":"publish","type":"product","link":"https:\/\/uzdrowisko-rymanow.com.pl\/sklep\/produkt\/musujaca-kula-do-kapieli-100g\/","title":{"rendered":"Musuj\u0105ca kula do k\u0105pieli &#8211; 100 g"},"content":{"rendered":"<p>Wytwarzana na bazie naturalnych sk\u0142adnik\u00f3w z dodatkiem olejk\u00f3w eterycznych\u00a0\u2013 doskonale oczyszcza i od\u017cywia such\u0105 i zm\u0119czona sk\u00f3r\u0119, dodatkowo zmi\u0119kcza wod\u0119, zamieniaj\u0105c k\u0105piel w domowe Spa. Na d\u0142ugo pozostawia intensywny aromat.<\/p>\n<p>Proponujemy musuj\u0105ce kule do k\u0105pieli o zapachu : marakuja, r\u00f3\u017ca, pomara\u0144czowa, \u017curawina<\/p>\n<p>Cena dotyczy 1 sztuki.<\/p>\n<p><strong>Sk\u0142adniki: <\/strong>Sodium Bicarbonate, Citric Acid, Sodium Sulfate, Parfum, Vitis Vinifera Seed Oil, Butyrospermum Parkii Butter, Persea Gratissima Oil, Argania Spinosa Kernel Oil, Chamomilla Recutita Flower Extract, Calendula Officinalis Flower Extract, Utrica Dioica Leaf Extract.<\/p>\n","protected":false},"excerpt":{"rendered":"<p>Wytwarzana na bazie naturalnych sk\u0142adnik\u00f3w z dodatkiem olejk\u00f3w eterycznych\u00a0\u2013 doskonale oczyszcza i od\u017cywia such\u0105 i zm\u0119czona sk\u00f3r\u0119, dodatkowo zmi\u0119kcza wod\u0119, zamieniaj\u0105c k\u0105piel w domowe Spa. Na d\u0142ugo pozostawia intensywny aromat. Proponujemy musuj\u0105ce kule do k\u0105pieli o zapachu : marakuja, r\u00f3\u017ca, pomara\u0144czowa, \u017curawina Cena dotyczy 1 sztuki. Sk\u0142adniki: Sodium Bicarbonate, Citric Acid, Sodium Sulfate, Parfum, Vitis [&hellip;]<\/p>\n","protected":false},"featured_media":14872,"comment_status":"open","ping_status":"closed","template":"","meta":[],"product_brand":[],"product_cat":[160,163],"product_tag":[],"class_list":{"0":"post-235","1":"product","2":"type-product","3":"status-publish","4":"has-post-thumbnail","6":"product_cat-naturalne-kosmetyki-celestin","7":"product_cat-kosmetyki-do-kapieli","9":"first","10":"instock","11":"taxable","12":"shipping-taxable","13":"purchasable","14":"product-type-simple"},"aioseo_notices":[],"_links":{"self":[{"href":"https:\/\/uzdrowisko-rymanow.com.pl\/sklep\/wp-json\/wp\/v2\/product\/235","targetHints":{"allow":["GET"]}}],"collection":[{"href":"https:\/\/uzdrowisko-rymanow.com.pl\/sklep\/wp-json\/wp\/v2\/product"}],"about":[{"href":"https:\/\/uzdrowisko-rymanow.com.pl\/sklep\/wp-json\/wp\/v2\/types\/product"}],"replies":[{"embeddable":true,"href":"https:\/\/uzdrowisko-rymanow.com.pl\/sklep\/wp-json\/wp\/v2\/comments?post=235"}],"wp:featuredmedia":[{"embeddable":true,"href":"https:\/\/uzdrowisko-rymanow.com.pl\/sklep\/wp-json\/wp\/v2\/media\/14872"}],"wp:attachment":[{"href":"https:\/\/uzdrowisko-rymanow.com.pl\/sklep\/wp-json\/wp\/v2\/media?parent=235"}],"wp:term":[{"taxonomy":"product_brand","embeddable":true,"href":"https:\/\/uzdrowisko-rymanow.com.pl\/sklep\/wp-json\/wp\/v2\/product_brand?post=235"},{"taxonomy":"product_cat","embeddable":true,"href":"https:\/\/uzdrowisko-rymanow.com.pl\/sklep\/wp-json\/wp\/v2\/product_cat?post=235"},{"taxonomy":"product_tag","embeddable":true,"href":"https:\/\/uzdrowisko-rymanow.com.pl\/sklep\/wp-json\/wp\/v2\/product_tag?post=235"}],"curies":[{"name":"wp","href":"https:\/\/api.w.org\/{rel}","templated":true}]}}