{"id":216,"date":"2018-09-03T07:43:21","date_gmt":"2018-09-03T05:43:21","guid":{"rendered":"https:\/\/uzdrowisko-rymanow.com.pl\/sklep\/?post_type=product&#038;p=216"},"modified":"2026-02-06T14:26:33","modified_gmt":"2026-02-06T13:26:33","slug":"lekki-krem-do-twarzy-50ml","status":"publish","type":"product","link":"https:\/\/uzdrowisko-rymanow.com.pl\/sklep\/produkt\/lekki-krem-do-twarzy-50ml\/","title":{"rendered":"Lekki krem do twarzy &#8211; 50 ml"},"content":{"rendered":"<p>Luksusowy krem skutecznie pobudza si\u0142y witalne sk\u00f3ry dojrza\u0142ej do walki o m\u0142ody wygl\u0105d. Zawarto\u015b\u0107 z\u0142ota 24k, olejku arganowego z Eco Cert, oliwy z oliwek oraz kwasu hialuronowego zapewnia kompleksowe dzia\u0142anie. B\u0142yskawicznie wypycha zmarszczki i linie, napina i uj\u0119drnia sk\u00f3r\u0119. D\u0142ugotrwale nawil\u017ca, przeciwdzia\u0142a podra\u017cnieniom, wyr\u00f3wnuje koloryt i chroni przed szkodliwym dzia\u0142aniem \u015brodowiska zewn\u0119trznego. Aksamitnie mi\u0119kka i g\u0142adka cera promienieje m\u0142odzie\u0144czym blaskiem. Idealny pod makija\u017c.<\/p>\n<p><strong>Sk\u0142adniki: <\/strong>Aqua, Cetyl Alcohol, Glycerin, Olea Europaea Fruit Oil, Isopropyl Palmitate, Macadamia Ternifolia Seed Oil, Dicaprylyl Ether, Cetearyl Alcohol, Sodium Acrylate\/Sodium Acryloyldimethyl Taurate Copolymer, Glyceryl Stearate SE, Argania Spinosa Kernel Oil, Tocopheryl Acetate, Panthenol, Ceteareth-20, Isohexadecane, Polysorbate 80, Polymethylsilsesquioxane, Gold, Hydrolyzed Wheat Protein, Palmitoyl Tripeptide-38, Hydroxypropyl Cyclodextrin, Stearic Acid, Sodium Hyaluronate, Phenoxyethanol, Ethylhexylglycerin, Parfum, Limonene, Alpha-Isometryl lonone, Benzyl Salicylate, Citronellol, CI19140, CI15985.<\/p>\n","protected":false},"excerpt":{"rendered":"<p>Luksusowy krem skutecznie pobudza si\u0142y witalne sk\u00f3ry dojrza\u0142ej do walki o m\u0142ody wygl\u0105d. Zawarto\u015b\u0107 z\u0142ota 24k, olejku arganowego z Eco Cert, oliwy z oliwek oraz kwasu hialuronowego zapewnia kompleksowe dzia\u0142anie. B\u0142yskawicznie wypycha zmarszczki i linie, napina i uj\u0119drnia sk\u00f3r\u0119. D\u0142ugotrwale nawil\u017ca, przeciwdzia\u0142a podra\u017cnieniom, wyr\u00f3wnuje koloryt i chroni przed szkodliwym dzia\u0142aniem \u015brodowiska zewn\u0119trznego. Aksamitnie mi\u0119kka i [&hellip;]<\/p>\n","protected":false},"featured_media":12707,"comment_status":"open","ping_status":"closed","template":"","meta":[],"product_brand":[],"product_cat":[160,162,166],"product_tag":[],"class_list":{"0":"post-216","1":"product","2":"type-product","3":"status-publish","4":"has-post-thumbnail","6":"product_cat-naturalne-kosmetyki-celestin","7":"product_cat-pielegnacja-twarzy","8":"product_cat-seria-medlife","10":"first","11":"instock","12":"taxable","13":"shipping-taxable","14":"purchasable","15":"product-type-simple"},"aioseo_notices":[],"_links":{"self":[{"href":"https:\/\/uzdrowisko-rymanow.com.pl\/sklep\/wp-json\/wp\/v2\/product\/216","targetHints":{"allow":["GET"]}}],"collection":[{"href":"https:\/\/uzdrowisko-rymanow.com.pl\/sklep\/wp-json\/wp\/v2\/product"}],"about":[{"href":"https:\/\/uzdrowisko-rymanow.com.pl\/sklep\/wp-json\/wp\/v2\/types\/product"}],"replies":[{"embeddable":true,"href":"https:\/\/uzdrowisko-rymanow.com.pl\/sklep\/wp-json\/wp\/v2\/comments?post=216"}],"wp:featuredmedia":[{"embeddable":true,"href":"https:\/\/uzdrowisko-rymanow.com.pl\/sklep\/wp-json\/wp\/v2\/media\/12707"}],"wp:attachment":[{"href":"https:\/\/uzdrowisko-rymanow.com.pl\/sklep\/wp-json\/wp\/v2\/media?parent=216"}],"wp:term":[{"taxonomy":"product_brand","embeddable":true,"href":"https:\/\/uzdrowisko-rymanow.com.pl\/sklep\/wp-json\/wp\/v2\/product_brand?post=216"},{"taxonomy":"product_cat","embeddable":true,"href":"https:\/\/uzdrowisko-rymanow.com.pl\/sklep\/wp-json\/wp\/v2\/product_cat?post=216"},{"taxonomy":"product_tag","embeddable":true,"href":"https:\/\/uzdrowisko-rymanow.com.pl\/sklep\/wp-json\/wp\/v2\/product_tag?post=216"}],"curies":[{"name":"wp","href":"https:\/\/api.w.org\/{rel}","templated":true}]}}