{"id":208,"date":"2018-09-03T07:18:19","date_gmt":"2018-09-03T05:18:19","guid":{"rendered":"https:\/\/uzdrowisko-rymanow.com.pl\/sklep\/?post_type=product&#038;p=208"},"modified":"2026-03-06T10:14:35","modified_gmt":"2026-03-06T09:14:35","slug":"balsam-do-twarzy-po-goleniu-dla-mezczyzn","status":"publish","type":"product","link":"https:\/\/uzdrowisko-rymanow.com.pl\/sklep\/produkt\/balsam-do-twarzy-po-goleniu-dla-mezczyzn\/","title":{"rendered":"Balsam do twarzy, po goleniu &#8211; dla m\u0119\u017cczyzn"},"content":{"rendered":"<p><strong>Balsam do twarzy<\/strong> dostosowany do wysokich wymaga\u0144 m\u0119skiej sk\u00f3ry, szybko si\u0119 wch\u0142ania, zawiera:<\/p>\n<p>\u2013 wody mineralne z Rymanowa Zdroju<br \/>\n\u2013 oleje ro\u015blinne: migda\u0142owy, s\u0142onecznikowy<br \/>\n\u2013 alantoin\u0119<br \/>\n\u2013 ekstrakty z ziela arniki i kwiatu rumianku<br \/>\n\u2013 mentol<br \/>\n\u2013 mocznik<br \/>\n\u2013 witamin\u0119 E<br \/>\n\u2013 wosk pszczeli<\/p>\n<p>dzi\u0119ki czemu\u00a0optymalnie nawil\u017ca, koi i \u0142agodzi podra\u017cnienia powsta\u0142e po goleniu, daje uczucie\u00a0 ch\u0142odu i odpr\u0119\u017cenia.\u00a0 Dodatkowym atutem jest \u015bwie\u017cy koj\u0105cy zapach<strong>.<\/strong><\/p>\n<p><strong>Sk\u0142adniki:\u00a0 <\/strong>\u00a0Aqua, Cetearyl Alcohol, Glycine Soja Oil, Glycerin, Glyceryl Stearate SE, Ceteareth-20, Prunus Amagdalus Dulcis Oil, Dicaprylyl Ether, Helianthus Annuus Seed Oil, Cera Alba, Allantoin, Urea, Tocopheryl Acetate, Arnica Montana Flower Extract, Chamomilla Recutita Flower Extrakt, Panthenol, Menthol, Propylene Glycol, Alcohol Denat., Sodium Acrylate\/Sodium Acryloyldimethyl Taurate Copolymer, Isohexadecane, Polysorbate 80, Disodium EDTA, Tocopherol, Phenoxyethanol, Benzoic Acid, Dehydroacetic Acid, Citric Acid, Sorbitan Oleate, Parfum, Tetramethyl acetyloctahydronaphthalenes, Hexamethylindanopyran, Linalool, Benzyl Salicylate, Hexyl Cinnamal, Trimethylbenzenepropanol, Geraniol, Alpha-isometryl lonone, Isoeugenol.<\/p>\n","protected":false},"excerpt":{"rendered":"<p>Balsam do twarzy dostosowany do wysokich wymaga\u0144 m\u0119skiej sk\u00f3ry, szybko si\u0119 wch\u0142ania, zawiera: \u2013 wody mineralne z Rymanowa Zdroju \u2013 oleje ro\u015blinne: migda\u0142owy, s\u0142onecznikowy \u2013 alantoin\u0119 \u2013 ekstrakty z ziela arniki i kwiatu rumianku \u2013 mentol \u2013 mocznik \u2013 witamin\u0119 E \u2013 wosk pszczeli dzi\u0119ki czemu\u00a0optymalnie nawil\u017ca, koi i \u0142agodzi podra\u017cnienia powsta\u0142e po goleniu, daje [&hellip;]<\/p>\n","protected":false},"featured_media":14829,"comment_status":"open","ping_status":"closed","template":"","meta":[],"product_brand":[],"product_cat":[160,165],"product_tag":[131,132,133],"class_list":{"0":"post-208","1":"product","2":"type-product","3":"status-publish","4":"has-post-thumbnail","6":"product_cat-naturalne-kosmetyki-celestin","7":"product_cat-pielegnacja-meska","8":"product_tag-balsam-do-twarzy","9":"product_tag-mezczyzni","10":"product_tag-po-goleniu","12":"first","13":"instock","14":"taxable","15":"shipping-taxable","16":"purchasable","17":"product-type-simple"},"aioseo_notices":[],"_links":{"self":[{"href":"https:\/\/uzdrowisko-rymanow.com.pl\/sklep\/wp-json\/wp\/v2\/product\/208","targetHints":{"allow":["GET"]}}],"collection":[{"href":"https:\/\/uzdrowisko-rymanow.com.pl\/sklep\/wp-json\/wp\/v2\/product"}],"about":[{"href":"https:\/\/uzdrowisko-rymanow.com.pl\/sklep\/wp-json\/wp\/v2\/types\/product"}],"replies":[{"embeddable":true,"href":"https:\/\/uzdrowisko-rymanow.com.pl\/sklep\/wp-json\/wp\/v2\/comments?post=208"}],"wp:featuredmedia":[{"embeddable":true,"href":"https:\/\/uzdrowisko-rymanow.com.pl\/sklep\/wp-json\/wp\/v2\/media\/14829"}],"wp:attachment":[{"href":"https:\/\/uzdrowisko-rymanow.com.pl\/sklep\/wp-json\/wp\/v2\/media?parent=208"}],"wp:term":[{"taxonomy":"product_brand","embeddable":true,"href":"https:\/\/uzdrowisko-rymanow.com.pl\/sklep\/wp-json\/wp\/v2\/product_brand?post=208"},{"taxonomy":"product_cat","embeddable":true,"href":"https:\/\/uzdrowisko-rymanow.com.pl\/sklep\/wp-json\/wp\/v2\/product_cat?post=208"},{"taxonomy":"product_tag","embeddable":true,"href":"https:\/\/uzdrowisko-rymanow.com.pl\/sklep\/wp-json\/wp\/v2\/product_tag?post=208"}],"curies":[{"name":"wp","href":"https:\/\/api.w.org\/{rel}","templated":true}]}}