{"id":15494,"date":"2025-12-05T12:24:31","date_gmt":"2025-12-05T11:24:31","guid":{"rendered":"https:\/\/uzdrowisko-rymanow.com.pl\/sklep\/?post_type=product&#038;p=15494"},"modified":"2025-12-05T12:25:39","modified_gmt":"2025-12-05T11:25:39","slug":"kubek-420-ml-jubileuszowa-edycja-150-lecia-uzdrowiska-rymanow","status":"publish","type":"product","link":"https:\/\/uzdrowisko-rymanow.com.pl\/sklep\/produkt\/kubek-420-ml-jubileuszowa-edycja-150-lecia-uzdrowiska-rymanow\/","title":{"rendered":"Kubek 420 ml \u2013 jubileuszowa edycja 150-lecia Uzdrowiska Ryman\u00f3w"},"content":{"rendered":"<p><strong>Kubek 420 ml \u2013 jubileuszowa edycja 150-lecia Uzdrowiska Ryman\u00f3w.<\/strong><\/p>\n<p>Wyj\u0105tkowy kubek o pojemno\u015bci 420 ml stworzony specjalnie na obchody 150-lecia Uzdrowiska<br \/>\nRyman\u00f3w. Jego okoliczno\u015bciowy nadruk nawi\u0105zuje do bogatej historii i tradycji uzdrowiska, dzi\u0119ki czemu<br \/>\nstanowi pi\u0119kn\u0105 pami\u0105tk\u0119 z jubileuszu.<br \/>\nTo praktyczny, a jednocze\u015bnie kolekcjonerski gad\u017cet \u2013 idealny zar\u00f3wno na prezent, jak i dla os\u00f3b, kt\u00f3re<br \/>\nchc\u0105 zabra\u0107 ze sob\u0105 fragment uzdrowiskowej atmosfery.<\/p>\n","protected":false},"excerpt":{"rendered":"<p>Kubek 420 ml \u2013 jubileuszowa edycja 150-lecia Uzdrowiska Ryman\u00f3w. Wyj\u0105tkowy kubek o pojemno\u015bci 420 ml stworzony specjalnie na obchody 150-lecia Uzdrowiska Ryman\u00f3w. Jego okoliczno\u015bciowy nadruk nawi\u0105zuje do bogatej historii i tradycji uzdrowiska, dzi\u0119ki czemu stanowi pi\u0119kn\u0105 pami\u0105tk\u0119 z jubileuszu. To praktyczny, a jednocze\u015bnie kolekcjonerski gad\u017cet \u2013 idealny zar\u00f3wno na prezent, jak i dla os\u00f3b, kt\u00f3re [&hellip;]<\/p>\n","protected":false},"featured_media":15489,"comment_status":"open","ping_status":"closed","template":"","meta":[],"product_brand":[],"product_cat":[178],"product_tag":[],"class_list":{"0":"post-15494","1":"product","2":"type-product","3":"status-publish","4":"has-post-thumbnail","6":"product_cat-gadzety-uzdrowisko-rymanow","8":"first","9":"instock","10":"taxable","11":"shipping-taxable","12":"purchasable","13":"product-type-simple"},"aioseo_notices":[],"_links":{"self":[{"href":"https:\/\/uzdrowisko-rymanow.com.pl\/sklep\/wp-json\/wp\/v2\/product\/15494","targetHints":{"allow":["GET"]}}],"collection":[{"href":"https:\/\/uzdrowisko-rymanow.com.pl\/sklep\/wp-json\/wp\/v2\/product"}],"about":[{"href":"https:\/\/uzdrowisko-rymanow.com.pl\/sklep\/wp-json\/wp\/v2\/types\/product"}],"replies":[{"embeddable":true,"href":"https:\/\/uzdrowisko-rymanow.com.pl\/sklep\/wp-json\/wp\/v2\/comments?post=15494"}],"wp:featuredmedia":[{"embeddable":true,"href":"https:\/\/uzdrowisko-rymanow.com.pl\/sklep\/wp-json\/wp\/v2\/media\/15489"}],"wp:attachment":[{"href":"https:\/\/uzdrowisko-rymanow.com.pl\/sklep\/wp-json\/wp\/v2\/media?parent=15494"}],"wp:term":[{"taxonomy":"product_brand","embeddable":true,"href":"https:\/\/uzdrowisko-rymanow.com.pl\/sklep\/wp-json\/wp\/v2\/product_brand?post=15494"},{"taxonomy":"product_cat","embeddable":true,"href":"https:\/\/uzdrowisko-rymanow.com.pl\/sklep\/wp-json\/wp\/v2\/product_cat?post=15494"},{"taxonomy":"product_tag","embeddable":true,"href":"https:\/\/uzdrowisko-rymanow.com.pl\/sklep\/wp-json\/wp\/v2\/product_tag?post=15494"}],"curies":[{"name":"wp","href":"https:\/\/api.w.org\/{rel}","templated":true}]}}