{"id":31,"date":"2022-03-17T14:03:42","date_gmt":"2022-03-17T13:03:42","guid":{"rendered":"https:\/\/uzdrowisko-rymanow.com.pl\/celestynka\/?page_id=31"},"modified":"2022-08-17T07:40:07","modified_gmt":"2022-08-17T05:40:07","slug":"o-nas","status":"publish","type":"page","link":"https:\/\/uzdrowisko-rymanow.com.pl\/celestynka\/o-nas\/","title":{"rendered":"O nas"},"content":{"rendered":"<div class=\"n2_clear\"><ss3-force-full-width data-overflow-x=\"body\" data-horizontal-selector=\"body\"><div class=\"n2-section-smartslider fitvidsignore  n2_clear\" data-ssid=\"5\"><div id=\"n2-ss-5-align\" class=\"n2-ss-align\"><div class=\"n2-padding\"><div id=\"n2-ss-5\" data-creator=\"Smart Slider 3\" data-responsive=\"fullwidth\" class=\"n2-ss-slider n2-ow n2-has-hover n2notransition  \">\n        <div class=\"n2-ss-slider-1 n2-ow\">\n            <div class=\"n2-ss-slider-2 n2-ow\">\n                <div class=\"n2-ss-slide-backgrounds n2-ow-all\"><div class=\"n2-ss-slide-background\" data-public-id=\"1\" data-mode=\"fill\"><div class=\"n2-ss-slide-background-image\" data-blur=\"0\" data-opacity=\"100\" data-x=\"50\" data-y=\"50\" data-alt=\"\" data-title=\"\"><picture class=\"skip-lazy\" data-skip-lazy=\"1\"><img decoding=\"async\" src=\"\/\/uzdrowisko-rymanow.com.pl\/celestynka\/wp-content\/uploads\/2022\/03\/header-o-nas.webp\" alt=\"\" title=\"\" loading=\"lazy\" class=\"skip-lazy\" data-skip-lazy=\"1\"><\/picture><\/div><div data-color=\"RGBA(255,255,255,0)\" style=\"background-color: RGBA(255,255,255,0);\" class=\"n2-ss-slide-background-color\"><\/div><\/div><\/div>                <div class=\"n2-ss-slider-3 n2-ow\">\n                    <svg xmlns=\"http:\/\/www.w3.org\/2000\/svg\" viewBox=\"0 0 1920 500\" data-related-device=\"desktopPortrait\" class=\"n2-ow n2-ss-preserve-size n2-ss-preserve-size--slider n2-ss-slide-limiter\"><\/svg><div data-first=\"1\" data-slide-duration=\"0\" data-id=\"15\" data-slide-public-id=\"1\" data-title=\"header-o-nas\" class=\"n2-ss-slide n2-ow  n2-ss-slide-15\"><div role=\"note\" class=\"n2-ss-slide--focus\" tabindex=\"-1\">header-o-nas<\/div><div class=\"n2-ss-layers-container n2-ss-slide-limiter n2-ow\"><div class=\"n2-ss-layer n2-ow n-uc-ZTTlpJ9Ls3lL\" data-sstype=\"slide\" data-pm=\"default\"><div class=\"n2-ss-layer n2-ow n-uc-o9czwQtr4gMi\" data-pm=\"default\" data-sstype=\"content\" data-hasbackground=\"0\"><div class=\"n2-ss-section-main-content n2-ss-layer-with-background n2-ss-layer-content n2-ow n-uc-o9czwQtr4gMi-inner\"><div class=\"n2-ss-layer n2-ow n2-ss-layer--block n2-ss-has-self-align n-uc-132ef0b954428\" data-pm=\"normal\" data-sstype=\"row\"><div class=\"n2-ss-layer-row n2-ss-layer-with-background n-uc-132ef0b954428-inner\"><div class=\"n2-ss-layer-row-inner \"><div class=\"n2-ss-layer n2-ow n-uc-17536ac936475\" data-pm=\"default\" data-sstype=\"col\"><div class=\"n2-ss-layer-col n2-ss-layer-with-background n2-ss-layer-content n-uc-17536ac936475-inner\"><\/div><\/div><div class=\"n2-ss-layer n2-ow n-uc-18d7bcf49d406\" data-pm=\"default\" data-sstype=\"col\"><div class=\"n2-ss-layer-col n2-ss-layer-with-background n2-ss-layer-content n-uc-18d7bcf49d406-inner\"><div class=\"n2-ss-layer n2-ow n-uc-B2omacsehMOo\" data-pm=\"normal\" data-sstype=\"layer\"><div id=\"n2-ss-5item1\" class=\"n2-font-29aa7fd39fd374e3082f87afcc8ed0c9-hover n2-style-f8293b450b12ef15d5c4ff97a617a3e3-heading   n2-ss-item-content n2-ss-text n2-ow\" style=\"display:block;\">O nas<\/div><\/div><div class=\"n2-ss-layer n2-ow n-uc-xLtFaGJXMdGm\" data-pm=\"normal\" data-sstype=\"layer\"><div class=\"n2-ss-item-content n2-ss-text n2-ow-all\"><div class=\"\"><p class=\"n2-font-f14a410165214b1df3827e30cdeba944-paragraph  n2-style-f8293b450b12ef15d5c4ff97a617a3e3-heading  \">Ryman\u00f3w Zdr\u00f3j po\u0142o\u017cony jest 4 km na po\u0142udnie od miasta Ryman\u00f3w, w dolinie rzeki Tabor i jej prawego dop\u0142ywu \u2013 Czarnego Potoku, kt\u00f3ry jest jedn\u0105 z rzek Beskidu Niskiego. <\/p>\n<\/div><\/div><\/div><\/div><\/div><\/div><\/div><\/div><\/div><\/div><\/div><\/div><\/div>                <\/div>\n                            <\/div>\n        <\/div>\n        <\/div><ss3-loader><\/ss3-loader><\/div><\/div><div class=\"n2_clear\"><\/div><\/div><\/ss3-force-full-width><\/div>\n\n\n<div style=\"height:50px\" aria-hidden=\"true\" class=\"wp-block-spacer\"><\/div>\n\n\n\n<div class=\"wp-block-columns is-layout-flex wp-container-core-columns-is-layout-9d6595d7 wp-block-columns-is-layout-flex\">\n<div class=\"wp-block-column is-layout-flow wp-block-column-is-layout-flow\" style=\"flex-basis:66.66%\">\n<h2 class=\"wp-block-heading\">Lokalizacja:<\/h2>\n\n\n\n<p class=\"justify\">\u201eUzdrowisko Ryman\u00f3w\u201d Sp\u00f3\u0142ka Akcyjna mie\u015bci si\u0119 w podkarpackiej miejscowo\u015bci Ryman\u00f3w-Zdr\u00f3j. Ryman\u00f3w Zdr\u00f3j po\u0142o\u017cony jest 4 km na po\u0142udnie od miasta Ryman\u00f3w, w dolinie rzeki Tabor i jej prawego dop\u0142ywu \u2013 Czarnego Potoku, kt\u00f3ry jest jedn\u0105 z rzek Beskidu Niskiego. Beskid Niski to najni\u017csze pasmo g\u00f3rskie w ca\u0142ych Karpatach, kt\u00f3re od wschodu graniczy z Bieszczadami, od zachodu z Pasmem Jaworzyny Krynickiej Beskidu S\u0105deckiego. Na po\u0142udniu kres Beskidu wyznacza granica ze S\u0142owacj\u0105, natomiast od p\u00f3\u0142nocy Pog\u00f3rze Ci\u0119\u017ckowickie i Do\u0142y Jasielsko \u2013 Sanockie. Pod wzgl\u0119dem geograficznym Ryman\u00f3w-Zdr\u00f3j po\u0142o\u017cony jest w cz\u0119\u015bci Beskidu Niskiego zwanego Wzg\u00f3rzami Rymanowskimi, ci\u0105gn\u0105cymi si\u0119 po obu stronach rzeki Tabor i osi\u0105gaj\u0105cymi od wschodu wysoko\u015b\u0107 668 m n.p.m. Dzi\u0119ki temu, \u017ce uzdrowisko le\u017cy na p\u00f3\u0142nocnych kra\u0144cach Beskidu Niskiego \u0142\u0105czy walory krajobrazowe mezoregion\u00f3w Beskidu Niskiego i Pog\u00f3rza Bukowskiego, kt\u00f3re zaliczane jest do makroregionu Pog\u00f3rza \u015arodkowobeskidzkiego. Wzniesienia otaczaj\u0105ce Ryman\u00f3w-Zdr\u00f3j mo\u017cna podzieli\u0107 na trzy grupy:<\/p>\n\n\n\n<ul class=\"wp-block-list\"><li>szczyty po\u0142o\u017cone w wid\u0142ach Taboru i Czarnego Potoku: \u017babia G\u00f3ra (481 m n.p.m.) i dwuszczytowy Dzia\u0142 (673 m n.p.m. \u2013 kulminacja wschodnia i 668 m n.p.m. \u2013 kulminacja zachodnia).<\/li><li>szczyty wyrastaj\u0105ce na zach\u00f3d od uzdrowiska: Mogi\u0142a (606 m n.p.m.) z Glorietk\u0105 (572 m n.p.m.), Sucha G\u00f3ra (611 m n.p.m.).<\/li><li>szczyty otaczaj\u0105ce uzdrowisko od strony wschodniej: Zamczyska (568 m n.p.m.), Kopiec (635 m n.p.m.).<br>Gminy s\u0105siaduj\u0105ce: od strony wschodniej znajduje si\u0119 gmina Besko, zachodniej gmina Iwonicz, po\u0142udniowej gmina Ja\u015bliska i p\u00f3\u0142nocnej gmina Hacz\u00f3w.<\/li><\/ul>\n<\/div>\n\n\n\n<div class=\"wp-block-column is-layout-flow wp-block-column-is-layout-flow\" style=\"flex-basis:33.33%\">\n<figure class=\"wp-block-image size-full\"><img loading=\"lazy\" decoding=\"async\" width=\"500\" height=\"500\" src=\"https:\/\/uzdrowisko-rymanow.com.pl\/celestynka\/wp-content\/uploads\/2022\/06\/opatrznosc-copy.webp\" alt=\"\" class=\"wp-image-225\" srcset=\"https:\/\/uzdrowisko-rymanow.com.pl\/celestynka\/wp-content\/uploads\/2022\/06\/opatrznosc-copy.webp 500w, https:\/\/uzdrowisko-rymanow.com.pl\/celestynka\/wp-content\/uploads\/2022\/06\/opatrznosc-copy-300x300.webp 300w, https:\/\/uzdrowisko-rymanow.com.pl\/celestynka\/wp-content\/uploads\/2022\/06\/opatrznosc-copy-150x150.webp 150w\" sizes=\"auto, (max-width: 500px) 100vw, 500px\" \/><figcaption><strong>Willa \u201eOPATRZNO\u015a\u0106\u201d<\/strong>&nbsp;\u2013 jeden z najstarszych, zachowanych obiekt\u00f3w Rymanowa Zdroju, wybudowany w 1881r.<\/figcaption><\/figure>\n\n\n\n<figure class=\"wp-block-image size-full\"><img loading=\"lazy\" decoding=\"async\" width=\"400\" height=\"266\" src=\"https:\/\/uzdrowisko-rymanow.com.pl\/celestynka\/wp-content\/uploads\/2022\/06\/ObiektEskulap.png\" alt=\"\" class=\"wp-image-184\" srcset=\"https:\/\/uzdrowisko-rymanow.com.pl\/celestynka\/wp-content\/uploads\/2022\/06\/ObiektEskulap.png 400w, https:\/\/uzdrowisko-rymanow.com.pl\/celestynka\/wp-content\/uploads\/2022\/06\/ObiektEskulap-300x200.png 300w\" sizes=\"auto, (max-width: 400px) 100vw, 400px\" \/><figcaption>ESKULAP &#8211; Szpital i Sanatorium Uzdrowiskowe<\/figcaption><\/figure>\n<\/div>\n<\/div>\n\n\n\n<h2 class=\"wp-block-heading\">Klimat:<\/h2>\n\n\n\n<div class=\"wp-block-columns is-layout-flex wp-container-core-columns-is-layout-9d6595d7 wp-block-columns-is-layout-flex\">\n<div class=\"wp-block-column is-layout-flow wp-block-column-is-layout-flow\" style=\"flex-basis:66.66%\">\n<p class=\"justify\">Klimat ma charakter przede wszystkim klimatu g\u00f3rskiego, ale za spraw\u0105 znacznej zawarto\u015bci jodu w powietrzu nosi cechy klimatu morskiego. To po\u0142\u0105czenie jest jedn\u0105 z podstaw unikalno\u015bci klimatu uzdrowiska. Ponadto klimat charakteryzuje si\u0119 znaczn\u0105 zawarto\u015bci\u0105 ozonu, soli oraz wzgl\u0119dnie wysok\u0105 wilgotno\u015bci\u0105 powietrza.<\/p>\n<\/div>\n\n\n\n<div class=\"wp-block-column is-layout-flow wp-block-column-is-layout-flow\" style=\"flex-basis:33.33%\">\n<figure class=\"wp-block-image size-large\"><img loading=\"lazy\" decoding=\"async\" width=\"1024\" height=\"683\" src=\"https:\/\/uzdrowisko-rymanow.com.pl\/celestynka\/wp-content\/uploads\/2022\/03\/pijalnia_003-copy-1024x683.webp\" alt=\"\" class=\"wp-image-155\" srcset=\"https:\/\/uzdrowisko-rymanow.com.pl\/celestynka\/wp-content\/uploads\/2022\/03\/pijalnia_003-copy-1024x683.webp 1024w, https:\/\/uzdrowisko-rymanow.com.pl\/celestynka\/wp-content\/uploads\/2022\/03\/pijalnia_003-copy-300x200.webp 300w, https:\/\/uzdrowisko-rymanow.com.pl\/celestynka\/wp-content\/uploads\/2022\/03\/pijalnia_003-copy-768x512.webp 768w, https:\/\/uzdrowisko-rymanow.com.pl\/celestynka\/wp-content\/uploads\/2022\/03\/pijalnia_003-copy.webp 1500w\" sizes=\"auto, (max-width: 1024px) 100vw, 1024px\" \/><figcaption>Pijalnia uzdrowiskowa<\/figcaption><\/figure>\n<\/div>\n<\/div>\n\n\n\n<h2 class=\"wp-block-heading\">Historia:<\/h2>\n\n\n\n<p class=\"justify\">Odkrycie \u017ar\u00f3de\u0142 mineralnych 16 sierpnia 1876 roku da\u0142o pocz\u0105tek dziejom Rymanowa- Zdroju. Wyst\u0119powanie od wiek\u00f3w w\u00f3d leczniczych w s\u0105siednim Iwoniczu &#8211; Zdroju sk\u0142oni\u0142o zamieszka\u0142ych od 1870 r. w Rymanowie w\u0142a\u015bcicieli d\u00f3br Ann\u0119 i Stanis\u0142awa Potockich do szukania podobnych \u017ar\u00f3de\u0142 w&nbsp;okolicznych g\u00f3rach i dolinie rzeki Taba (dzi\u015b Tabor). Wyj\u0105tkow\u0105 okazj\u0119 da\u0142 pobyt na dworze rymanowskim chemika Tytusa S\u0142awika. Wykonana przez niego pobie\u017cna analiza \u017ar\u00f3d\u0142a nad brzegiem Taby, wykaza\u0142a wysokie st\u0119\u017cenie jodu i \u017celaza. Przeprowadzenia dok\u0142adnych bada\u0144 chemicznych odkrytej wody dokona\u0142 rok p\u00f3\u017aniej w 1877 roku. prof. dr Wesseishy, chemik wiede\u0144ski. Analiza w zupe\u0142no\u015bci potwierdzi\u0142a cenne zalety \u017ar\u00f3d\u0142a. Rozpocz\u0119to budow\u0119 pierwszych pensjonat\u00f3w. Wykonano now\u0105 obudow\u0119 uj\u0119\u0107 wodnych, wg wskaza\u0144 prof. dr Boles\u0142awa Lutosta\u0144skiego, rozdzielono sp\u0142ywaj\u0105ce do jednej studni \u017ar\u00f3d\u0142a mineralne na odr\u0119bne zdroje. W\u00f3wczas to nadano im imiona:<\/p>\n\n\n\n<ul class=\"wp-block-list\"><li>\u201eTytus\u201d &#8211; dla upami\u0119tnienia chemika Tytusa S\u0142awika,<\/li><li>\u201eCelestyna\u201d &#8211; dla upami\u0119tnienia matki Anny z Dzia\u0142y\u0144skich Potockiej,<\/li><li>\u201eKlaudia\u201d- dla upami\u0119tnienia matki Stanis\u0142awa Potockiego.<\/li><\/ul>\n\n\n\n<p class=\"justify\">W pierwszym dziesi\u0119cioleciu XX wieku Ryman\u00f3w-Zdr\u00f3j nie ust\u0119powa\u0142 swoim wyposa\u017ceniem, ani frekwencj\u0105 innym krajowym uzdrowiskom. Latem 1901 i 1903 roku przebywa\u0142 tu wraz z rodzin\u0105 Stanis\u0142aw Wyspia\u0144ski i pozostawi\u0142 trwa\u0142y \u015blad pobytu w pisanych tu, a tak\u017ce w Krakowie wierszach. W&nbsp;okresie dzia\u0142a\u0144 wojennych trzykrotnie przesuwa\u0142a si\u0119 przez Ryman\u00f3w-Zdr\u00f3j linia frontu. Stacjonuj\u0105ce tu w 1915 roku wojska carskie doprowadzi\u0142y do ca\u0142kowitej dewastacji obiekt\u00f3w uzdrowiskowych. Ponowne uruchomienie uzdrowiska nast\u0105pi\u0142o w 1926 roku. Oddano wtedy do u\u017cytku nowy zak\u0142ad przyrodoleczniczy, a rok p\u00f3\u017aniej nowy obiekt dzieci\u0119cy. <\/p>\n\n\n\n<p class=\"justify\">Na wschodnim stoku g\u00f3ry Mogi\u0142a otworzono w 1929 r. nowe sanatorium Zwi\u0105zku Kasy Chorych \u201eGozdawa\u201d. Powsta\u0142 nowy obiekt \u201ePolskiego Towarzystwa Higienicznego\u201d oraz wiele willi prywatnych. W latach poprzedzaj\u0105cych II wojn\u0119 \u015bwiatow\u0105 leczy\u0142o si\u0119 tutaj w sezonie oko\u0142o 5 tysi\u0119cy os\u00f3b. W ksi\u0119gach kuracjuszy odnotowane s\u0105 nazwiska znanych pisarzy: Kazimierza Przerwy &#8211; Tetmajera, Kornela Makuszy\u0144skiego, Janusza Meissnera. Kwit\u0142o te\u017c \u017cycie towarzyskie i kulturalne. Na scenie \u201eDworca Go\u015bcinnego\u201d wyst\u0119powali: Hanka Ordon\u00f3wna, Zuza Pogorzelska, Adolf Dymsza, Mieczys\u0142aw Fogg i inni. II wojna \u015bwiatowa doprowadzi\u0142a uzdrowisko do ponownej ruiny. Po ustaniu dzia\u0142a\u0144 wojennych przyst\u0105piono do remont\u00f3w ocala\u0142ych obiekt\u00f3w, zachowuj\u0105c ich dotychczasowy styl. Z sezonowego niegdy\u015b kurortu, Ryman\u00f3w-Zdr\u00f3j ju\u017c w pierwszym dziesi\u0119cioleciu powojennym sta\u0142 si\u0119 dzieci\u0119cym uzdrowiskiem czynnym przez ca\u0142y rok. Przeprowadzono modernizacje zak\u0142adu przyrodoleczniczego wyposa\u017caj\u0105c go w nowoczesne urz\u0105dzenia zabiegowe. W 1980 roku oddano do u\u017cytku nowo wybudowan\u0105 rozlewni\u0119 w\u00f3d mineralnych, zlokalizowan\u0105 w Desznie, na po\u0142udnie od uzdrowiska.<\/p>\n\n\n\n<div style=\"height:50px\" aria-hidden=\"true\" class=\"wp-block-spacer\"><\/div>\n\n\n\n<div class=\"wp-block-columns is-layout-flex wp-container-core-columns-is-layout-9d6595d7 wp-block-columns-is-layout-flex\">\n<div class=\"wp-block-column is-layout-flow wp-block-column-is-layout-flow\" style=\"flex-basis:66.66%\">\n<p class=\"justify\"><strong><em>Historia butelkowania w\u00f3d mineralnych z Rymanowa Zdroju<\/em><\/strong> si\u0119ga roku 1881, kiedy za\u0142o\u017cyciele Uzdrowiska Hr. Stanis\u0142aw i Anna Potoccy wyprodukowali 700 flaszek wody w prowizorycznym drewnianym budynku. Wod\u0119 butelkowano do I wojny \u015bwiatowej w ilo\u015bci oko\u0142o 10 ty\u015b. sztuk rocznie. Za okres mi\u0119dzywojenny brak jest danych&nbsp; odno\u015bnie produkcji , a syn \u00f3wczesnego W\u0142a\u015bciciela&nbsp; hr. Ignacy Potocki \u2013 G\u0142. Geolog Ministerstwa Zdrowia twierdzi\u0142, \u017ce raczej jej nie by\u0142o. <\/p>\n\n\n\n<p class=\"justify\">Po II&nbsp; wojnie \u015bwiatowej wznowiono butelkowanie w\u00f3d mineralnych w roku 1948. Pocz\u0105tkowo butelkowano wody Tytus, Klaudia i Celestyna w szklanych butelkach 0,75 l, i w roku 1949 produkcja wynosi\u0142a 38 ty\u015b. sztuk. Wzrost produkcji do 0,5 mln litr\u00f3w osi\u0105gni\u0119to w latach sze\u015b\u0107dziesi\u0105tych, kiedy zakupiono nowe maszyny . Skok produkcyjny zaznaczy\u0142 si\u0119 w roku 1981 po przeniesieniu rozlewni do miejscowo\u015bci Deszno&nbsp; i zainstalowaniu nowej czechos\u0142owackiej linii produkcyjnej&nbsp;typu Namma. <\/p>\n\n\n\n<p class=\"justify\">Na pocz\u0105tku lat 90-tych produkowano prawie 10 mln litr\u00f3w wody mineralnej Celestynka w opakowaniach szklanych 0,33 l. W roku 1995 rozpocz\u0119to produkcj\u0119 wody w opakowaniach PET na u\u017cywanej linii produkcji niemieckiej, a w roku 1997 wprowadzono produkcj\u0119 napoj\u00f3w smakowych.<\/p>\n\n\n\n<p>W lutym 2007 roku rozpocz\u0119to produkcj\u0119 wody \u017ar\u00f3dlanej Ryman\u00f3w Zdr\u00f3j.\u00a0 Nazwa wody \u201eRyman\u00f3w Zdr\u00f3j\u201d zosta\u0142a wybrana w celu promowania Uzdrowiska Ryman\u00f3w natomiast w kwietniu 2022 roku zosta\u0142a wyprodukowana\u00a0 \u201ePODKARPACKA\u201d \u2013 Naturalna Woda Mineralna. Nazwa wody \u201ePODKARPACKA\u201d zosta\u0142a wybrana w celu promowania\u00a0 wojew\u00f3dztwa podkarpackiego. Doskona\u0142e walory smakowe oraz odpowiednia zawarto\u015b\u0107 sk\u0142adnik\u00f3w mineralnych sprawia, \u017ce woda jest odpowiednia do codziennego spo\u017cywania. <\/p>\n<\/div>\n\n\n\n<div class=\"wp-block-column is-layout-flow wp-block-column-is-layout-flow\" style=\"flex-basis:33.33%\">\n<figure class=\"wp-block-image size-full\"><img loading=\"lazy\" decoding=\"async\" width=\"500\" height=\"707\" src=\"https:\/\/uzdrowisko-rymanow.com.pl\/celestynka\/wp-content\/uploads\/2022\/06\/podkarpacka-plakat-www.png\" alt=\"\" class=\"wp-image-219\" srcset=\"https:\/\/uzdrowisko-rymanow.com.pl\/celestynka\/wp-content\/uploads\/2022\/06\/podkarpacka-plakat-www.png 500w, https:\/\/uzdrowisko-rymanow.com.pl\/celestynka\/wp-content\/uploads\/2022\/06\/podkarpacka-plakat-www-212x300.png 212w\" sizes=\"auto, (max-width: 500px) 100vw, 500px\" \/><\/figure>\n<\/div>\n<\/div>\n\n\n\n<div style=\"height:50px\" aria-hidden=\"true\" class=\"wp-block-spacer\"><\/div>\n","protected":false},"excerpt":{"rendered":"<p>Lokalizacja: \u201eUzdrowisko Ryman\u00f3w\u201d Sp\u00f3\u0142ka Akcyjna mie\u015bci si\u0119 w podkarpackiej miejscowo\u015bci Ryman\u00f3w-Zdr\u00f3j. Ryman\u00f3w Zdr\u00f3j po\u0142o\u017cony jest 4 km na po\u0142udnie od miasta Ryman\u00f3w, w dolinie rzeki [&hellip;]<\/p>\n","protected":false},"author":2,"featured_media":0,"parent":0,"menu_order":0,"comment_status":"closed","ping_status":"closed","template":"","meta":{"footnotes":""},"class_list":["post-31","page","type-page","status-publish","hentry"],"_links":{"self":[{"href":"https:\/\/uzdrowisko-rymanow.com.pl\/celestynka\/wp-json\/wp\/v2\/pages\/31","targetHints":{"allow":["GET"]}}],"collection":[{"href":"https:\/\/uzdrowisko-rymanow.com.pl\/celestynka\/wp-json\/wp\/v2\/pages"}],"about":[{"href":"https:\/\/uzdrowisko-rymanow.com.pl\/celestynka\/wp-json\/wp\/v2\/types\/page"}],"author":[{"embeddable":true,"href":"https:\/\/uzdrowisko-rymanow.com.pl\/celestynka\/wp-json\/wp\/v2\/users\/2"}],"replies":[{"embeddable":true,"href":"https:\/\/uzdrowisko-rymanow.com.pl\/celestynka\/wp-json\/wp\/v2\/comments?post=31"}],"version-history":[{"count":41,"href":"https:\/\/uzdrowisko-rymanow.com.pl\/celestynka\/wp-json\/wp\/v2\/pages\/31\/revisions"}],"predecessor-version":[{"id":266,"href":"https:\/\/uzdrowisko-rymanow.com.pl\/celestynka\/wp-json\/wp\/v2\/pages\/31\/revisions\/266"}],"wp:attachment":[{"href":"https:\/\/uzdrowisko-rymanow.com.pl\/celestynka\/wp-json\/wp\/v2\/media?parent=31"}],"curies":[{"name":"wp","href":"https:\/\/api.w.org\/{rel}","templated":true}]}}