{"id":14,"date":"2022-03-17T12:40:31","date_gmt":"2022-03-17T11:40:31","guid":{"rendered":"https:\/\/uzdrowisko-rymanow.com.pl\/celestynka\/?page_id=14"},"modified":"2025-02-28T10:17:18","modified_gmt":"2025-02-28T09:17:18","slug":"zrodla-wod","status":"publish","type":"page","link":"https:\/\/uzdrowisko-rymanow.com.pl\/celestynka\/zrodla-wod\/","title":{"rendered":"\u0179r\u00f3d\u0142a w\u00f3d"},"content":{"rendered":"<div class=\"n2_clear\"><ss3-force-full-width data-overflow-x=\"body\" data-horizontal-selector=\"body\"><div class=\"n2-section-smartslider fitvidsignore  n2_clear\" data-ssid=\"3\"><div id=\"n2-ss-3-align\" class=\"n2-ss-align\"><div class=\"n2-padding\"><div id=\"n2-ss-3\" data-creator=\"Smart Slider 3\" data-responsive=\"fullwidth\" class=\"n2-ss-slider n2-ow n2-has-hover n2notransition  \">\n        <div class=\"n2-ss-slider-1 n2-ow\">\n            <div class=\"n2-ss-slider-2 n2-ow\">\n                <div class=\"n2-ss-slide-backgrounds n2-ow-all\"><div class=\"n2-ss-slide-background\" data-public-id=\"1\" data-mode=\"fill\"><div class=\"n2-ss-slide-background-image\" data-blur=\"0\" data-opacity=\"100\" data-x=\"50\" data-y=\"50\" data-alt=\"\" data-title=\"\"><picture class=\"skip-lazy\" data-skip-lazy=\"1\"><img decoding=\"async\" src=\"\/\/uzdrowisko-rymanow.com.pl\/celestynka\/wp-content\/uploads\/2022\/03\/header-zrodla-wod.webp\" alt=\"\" title=\"\" loading=\"lazy\" class=\"skip-lazy\" data-skip-lazy=\"1\"><\/picture><\/div><div data-color=\"RGBA(255,255,255,0)\" style=\"background-color: RGBA(255,255,255,0);\" class=\"n2-ss-slide-background-color\"><\/div><\/div><\/div>                <div class=\"n2-ss-slider-3 n2-ow\">\n                    <svg xmlns=\"http:\/\/www.w3.org\/2000\/svg\" viewBox=\"0 0 1920 500\" data-related-device=\"desktopPortrait\" class=\"n2-ow n2-ss-preserve-size n2-ss-preserve-size--slider n2-ss-slide-limiter\"><\/svg><div data-first=\"1\" data-slide-duration=\"0\" data-id=\"9\" data-slide-public-id=\"1\" data-title=\"StaticSlide1\" class=\"n2-ss-slide n2-ow  n2-ss-slide-9\"><div role=\"note\" class=\"n2-ss-slide--focus\" tabindex=\"-1\">StaticSlide1<\/div><div class=\"n2-ss-layers-container n2-ss-slide-limiter n2-ow\"><div class=\"n2-ss-layer n2-ow n-uc-2IqjwLbCRn3X\" data-sstype=\"slide\" data-pm=\"default\"><div class=\"n2-ss-layer n2-ow n-uc-eJaRDI5uubDF\" data-pm=\"default\" data-sstype=\"content\" data-hasbackground=\"0\"><div class=\"n2-ss-section-main-content n2-ss-layer-with-background n2-ss-layer-content n2-ow n-uc-eJaRDI5uubDF-inner\"><div class=\"n2-ss-layer n2-ow n2-ss-layer--block n2-ss-has-self-align n-uc-17ca599e74ce9\" data-pm=\"normal\" data-sstype=\"row\"><div class=\"n2-ss-layer-row n2-ss-layer-with-background n-uc-17ca599e74ce9-inner\"><div class=\"n2-ss-layer-row-inner \"><div class=\"n2-ss-layer n2-ow n-uc-101092f490ff5\" data-pm=\"default\" data-sstype=\"col\"><div class=\"n2-ss-layer-col n2-ss-layer-with-background n2-ss-layer-content n-uc-101092f490ff5-inner\"><\/div><\/div><div class=\"n2-ss-layer n2-ow n-uc-18e0a858457f1\" data-pm=\"default\" data-sstype=\"col\"><div class=\"n2-ss-layer-col n2-ss-layer-with-background n2-ss-layer-content n-uc-18e0a858457f1-inner\"><div class=\"n2-ss-layer n2-ow n-uc-167dd5903ff01\" data-pm=\"normal\" data-sstype=\"layer\"><div id=\"n2-ss-3item1\" class=\"n2-font-29aa7fd39fd374e3082f87afcc8ed0c9-hover n2-style-f8293b450b12ef15d5c4ff97a617a3e3-heading   n2-ss-item-content n2-ss-text n2-ow\" style=\"display:block;\">\u0179r\u00f3d\u0142a w\u00f3d<\/div><\/div><div class=\"n2-ss-layer n2-ow n-uc-VH6D16Xy6gmR\" data-pm=\"normal\" data-sstype=\"layer\"><div class=\"n2-ss-item-content n2-ss-text n2-ow-all\"><div class=\"\"><p class=\"n2-font-f14a410165214b1df3827e30cdeba944-paragraph  n2-style-f8293b450b12ef15d5c4ff97a617a3e3-heading  \">Skarbem Rymanowa Zdroju s\u0105 naturalne \u017ar\u00f3d\u0142a w\u00f3d leczniczych TYTUS, KLAUDIA i CELESTYNA, odkryte w 1876 roku.<br \/>\nWody lecznicze oferowane s\u0105 kuracjuszom i turystom w stylowej pijalni w\u00f3d mineralnych.<\/p>\n<\/div><\/div><\/div><\/div><\/div><\/div><\/div><\/div><\/div><\/div><\/div><\/div><\/div>                <\/div>\n                            <\/div>\n        <\/div>\n        <\/div><ss3-loader><\/ss3-loader><\/div><\/div><div class=\"n2_clear\"><\/div><\/div><\/ss3-force-full-width><\/div>\r\n\r\n\r\n<div class=\"wp-block-spacer\" style=\"height: 100px;\" aria-hidden=\"true\">\u00a0<\/div>\r\n\r\n\r\n\r\n<div class=\"wp-block-columns has-very-light-gray-to-cyan-bluish-gray-gradient-background has-background is-layout-flex wp-container-core-columns-is-layout-9d6595d7 wp-block-columns-is-layout-flex\">\r\n<div class=\"wp-block-column is-layout-flow wp-block-column-is-layout-flow\">\r\n<h2 class=\"has-text-align-center wp-block-heading\">NAZWA<\/h2>\r\n\r\n\r\n\r\n<h2 class=\"has-text-align-center wp-block-heading\">\u0179R\u00d3D\u0141A<\/h2>\r\n<\/div>\r\n\r\n\r\n\r\n<div class=\"wp-block-column is-layout-flow wp-block-column-is-layout-flow\">\r\n<h2 class=\"has-text-align-center wp-block-heading\">CHARAKTERYSTYKA<\/h2>\r\n\r\n\r\n\r\n<h2 class=\"has-text-align-center wp-block-heading\">WODY<\/h2>\r\n<\/div>\r\n\r\n\r\n\r\n<div class=\"wp-block-column is-layout-flow wp-block-column-is-layout-flow\">\r\n<h2 class=\"has-text-align-center wp-block-heading\">WSKAZANIA<\/h2>\r\n\r\n\r\n\r\n<h2 class=\"has-text-align-center wp-block-heading\">LECZNICZE<\/h2>\r\n<\/div>\r\n<\/div>\r\n\r\n\r\n\r\n<div class=\"wp-block-columns has-background is-layout-flex wp-container-core-columns-is-layout-9d6595d7 wp-block-columns-is-layout-flex\" style=\"background-color: #f1f1f1;\">\r\n<div class=\"wp-block-column is-vertically-aligned-center is-layout-flow wp-block-column-is-layout-flow\">\r\n<h2 class=\"has-text-align-center wp-block-heading\"><strong>TYTUS<\/strong><\/h2>\r\n<\/div>\r\n\r\n\r\n\r\n<div class=\"wp-block-column is-layout-flow wp-block-column-is-layout-flow\">\r\n<ul class=\"wp-block-list\">\r\n<li><em>0,85% szczawa-chlorkowo-sodowa, <\/em><\/li>\r\n<li><em>\u017celazista, <\/em><\/li>\r\n<li><em>bromkowa, <\/em><\/li>\r\n<li><em>jodkowa, <\/em><\/li>\r\n<li><em>borowa<\/em><\/li>\r\n<\/ul>\r\n<\/div>\r\n\r\n\r\n\r\n<div class=\"wp-block-column is-layout-flow wp-block-column-is-layout-flow\">\r\n<ul class=\"wp-block-list\">\r\n<li>choroby uk\u0142adu oddechowego,<\/li>\r\n<li>choroby wieku dzieci\u0119cego,<\/li>\r\n<li>uk\u0142adu kr\u0105\u017cenia,<\/li>\r\n<li>przemiany materii,<\/li>\r\n<li>zaburzenia gruczo\u0142\u00f3w wydzielania wewn\u0119trznego<\/li>\r\n<\/ul>\r\n<\/div>\r\n<\/div>\r\n\r\n\r\n\r\n<div class=\"wp-block-columns has-background is-layout-flex wp-container-core-columns-is-layout-9d6595d7 wp-block-columns-is-layout-flex\" style=\"background-color: #fcfcfc;\">\r\n<div class=\"wp-block-column is-vertically-aligned-center is-layout-flow wp-block-column-is-layout-flow\">\r\n<h2 class=\"has-text-align-center wp-block-heading\"><strong>KLAUDIA<\/strong><\/h2>\r\n<\/div>\r\n\r\n\r\n\r\n<div class=\"wp-block-column is-layout-flow wp-block-column-is-layout-flow\">\r\n<ul class=\"wp-block-list\">\r\n<li><em>0,85% szczawa-chlorkowo-sodowa, <\/em><\/li>\r\n<li><em>bromkowa, <\/em><\/li>\r\n<li><em>jodkowa, <\/em><\/li>\r\n<li><em>borowa<\/em><\/li>\r\n<\/ul>\r\n<\/div>\r\n\r\n\r\n\r\n<div class=\"wp-block-column is-layout-flow wp-block-column-is-layout-flow\">\r\n<ul class=\"wp-block-list\">\r\n<li>choroby wieku dzieci\u0119cego,<\/li>\r\n<li>nie\u017cyty \u017co\u0142\u0105dka,<\/li>\r\n<li>choroba sk\u00f3ry,<\/li>\r\n<li>mia\u017cd\u017cyca t\u0119tnic,<\/li>\r\n<li>zmiany go\u015b\u0107cowe,<\/li>\r\n<li>niedomogi gruczo\u0142\u00f3w dokrewnych<\/li>\r\n<\/ul>\r\n<\/div>\r\n<\/div>\r\n\r\n\r\n\r\n<div class=\"wp-block-columns has-background is-layout-flex wp-container-core-columns-is-layout-9d6595d7 wp-block-columns-is-layout-flex\" style=\"background-color: #f1f1f1;\">\r\n<div class=\"wp-block-column is-vertically-aligned-center is-layout-flow wp-block-column-is-layout-flow\">\r\n<h2 class=\"has-text-align-center wp-block-heading\"><strong>CELESTYNA<\/strong><\/h2>\r\n<\/div>\r\n\r\n\r\n\r\n<div class=\"wp-block-column is-layout-flow wp-block-column-is-layout-flow\">\r\n<ul class=\"wp-block-list\">\r\n<li><em>0,85% woda kwasow\u0119glowa-chlorkowo-wodorow\u0119glanowo-sodowa,<\/em><\/li>\r\n<li><em>bromkowa,<\/em><\/li>\r\n<li><em>jodkowa,<\/em><\/li>\r\n<li><em>borowa<\/em><\/li>\r\n<\/ul>\r\n<\/div>\r\n\r\n\r\n\r\n<div class=\"wp-block-column is-layout-flow wp-block-column-is-layout-flow\">\r\n<ul class=\"wp-block-list\">\r\n<li>choroby wieku dzieci\u0119cego,<\/li>\r\n<li>nie\u017cyty \u017co\u0142\u0105dka, jelit,<\/li>\r\n<li>wadliwa przemiana materii,<\/li>\r\n<li>choroby sk\u00f3ry,<\/li>\r\n<li>mia\u017cd\u017cyca t\u0119tnic,<\/li>\r\n<li>zmiany go\u015b\u0107cowe mi\u0119\u015bni i nerw\u00f3w,<\/li>\r\n<li>niedomogi gruczo\u0142\u00f3w dokrewnych<\/li>\r\n<\/ul>\r\n<\/div>\r\n<\/div>\r\n\r\n\r\n\r\n<div class=\"wp-block-columns has-background is-layout-flex wp-container-core-columns-is-layout-9d6595d7 wp-block-columns-is-layout-flex\" style=\"background-color: #fcfcfc;\">\r\n<div class=\"wp-block-column is-vertically-aligned-center is-layout-flow wp-block-column-is-layout-flow\">\r\n<h2 class=\"has-text-align-center wp-block-heading\"><strong>STA\u015a<\/strong><\/h2>\r\n<\/div>\r\n\r\n\r\n\r\n<div class=\"wp-block-column is-layout-flow wp-block-column-is-layout-flow\">\r\n<ul class=\"wp-block-list\">\r\n<li><em>0,02% woda niskozmineralizowana wodorow\u0119glanowo-wapniowa<\/em><\/li>\r\n<\/ul>\r\n<\/div>\r\n\r\n\r\n\r\n<div class=\"wp-block-column is-layout-flow wp-block-column-is-layout-flow\">\r\n<ul class=\"wp-block-list\">\r\n<li>\u0142agodne nadkwa\u015bne nie\u017cyty \u017co\u0142\u0105dka,<\/li>\r\n<li>kamica dr\u00f3g moczowych i \u017c\u00f3\u0142ciowych<\/li>\r\n<\/ul>\r\n<\/div>\r\n<\/div>\r\n\r\n\r\n\r\n<div class=\"wp-block-columns has-background is-layout-flex wp-container-core-columns-is-layout-9d6595d7 wp-block-columns-is-layout-flex\" style=\"background-color: #f1f1f1;\">\r\n<div class=\"wp-block-column is-vertically-aligned-center is-layout-flow wp-block-column-is-layout-flow\">\r\n<h2 class=\"has-text-align-center wp-block-heading\"><strong>NAFTUSIA<\/strong><\/h2>\r\n<\/div>\r\n\r\n\r\n\r\n<div class=\"wp-block-column is-layout-flow wp-block-column-is-layout-flow\">\r\n<ul class=\"wp-block-list\">\r\n<li><em>0,82% woda wodorow\u0119glanowo-chlorkowo-sodowa, fluorkowa, <\/em><\/li>\r\n<li><em>jodkowa,<\/em><\/li>\r\n<li><em>borowa<\/em><\/li>\r\n<\/ul>\r\n<\/div>\r\n\r\n\r\n\r\n<div class=\"wp-block-column is-layout-flow wp-block-column-is-layout-flow\">\r\n<ul class=\"wp-block-list\">\r\n<li>choroby g\u00f3rnych i dolnych dr\u00f3g oddechowych,<\/li>\r\n<li>nadkwa\u015bne nie\u017cyty \u017co\u0142\u0105dka,<\/li>\r\n<li>choroby wrzodowe \u017co\u0142\u0105dka,<\/li>\r\n<li>dwunastnicy,<\/li>\r\n<li>zapalenia i kamica dr\u00f3g \u017c\u00f3\u0142ciowych<\/li>\r\n<\/ul>\r\n<p>Uzdrowiskowy Zak\u0142ad G\u00f3rniczy &#8222;Ryman\u00f3w&#8221; informuje, \u017ce w obecnym czasie na uj\u0119ciu Ryman\u00f3w Zdr\u00f3j 2 prowadzone s\u0105 prace projektowo-badawcze zgodnie z wymogami okre\u015blonymi przez Organy Nadzoru Geologicznego i G\u00f3rniczego. <br \/>Do czasu wykonania wszystkich niezb\u0119dnych prac woda z punktu czerpalnego \u201eNaftusia\u201d b\u0119dzie niedost\u0119pna.<\/p>\r\n<\/div>\r\n<\/div>\r\n\r\n\r\n\r\n<div class=\"wp-block-columns has-background is-layout-flex wp-container-core-columns-is-layout-9d6595d7 wp-block-columns-is-layout-flex\" style=\"background-color: #fcfcfc;\">\r\n<div class=\"wp-block-column is-vertically-aligned-center is-layout-flow wp-block-column-is-layout-flow\">\r\n<h2 class=\"has-text-align-center wp-block-heading\"><strong>ANNA<\/strong><\/h2>\r\n<\/div>\r\n\r\n\r\n\r\n<div class=\"wp-block-column is-layout-flow wp-block-column-is-layout-flow\">\r\n<ul class=\"wp-block-list\">\r\n<li>0,06% woda \u015bredniozmineralizowana, wodorow\u0119glanowo-wapniowa<\/li>\r\n<\/ul>\r\n<\/div>\r\n\r\n\r\n\r\n<div class=\"wp-block-column is-layout-flow wp-block-column-is-layout-flow\">\r\n<ul class=\"wp-block-list\">\r\n<li>nadkwa\u015bne nie\u017cyty \u017co\u0142\u0105dka,<\/li>\r\n<li>stany zapalne dr\u00f3g moczowych,<\/li>\r\n<li>nie\u017cyty g\u00f3rnych dr\u00f3g oddechowych<\/li>\r\n<\/ul>\r\n<\/div>\r\n<\/div>\r\n\r\n\r\n\r\n<div class=\"wp-block-columns has-background is-layout-flex wp-container-core-columns-is-layout-9d6595d7 wp-block-columns-is-layout-flex\" style=\"background-color: #f1f1f1;\">\r\n<div class=\"wp-block-column is-vertically-aligned-center is-layout-flow wp-block-column-is-layout-flow\">\r\n<h2 class=\"has-text-align-center wp-block-heading\"><strong>MARYSIE\u0143KA<\/strong><\/h2>\r\n<\/div>\r\n\r\n\r\n\r\n<div class=\"wp-block-column is-layout-flow wp-block-column-is-layout-flow\">\r\n<ul class=\"wp-block-list\">\r\n<li>0,02% woda niskozmineralizowana<\/li>\r\n<\/ul>\r\n<\/div>\r\n\r\n\r\n\r\n<div class=\"wp-block-column is-layout-flow wp-block-column-is-layout-flow\">\r\n<ul class=\"wp-block-list\">\r\n<li>woda smaczna do przygotowywania posi\u0142k\u00f3w w gospodarstwie domowym,<\/li>\r\n<li>kamica dr\u00f3g moczowych, zapalenia dr\u00f3g moczowych,<\/li>\r\n<li>skaza moczanowa-dna<\/li>\r\n<\/ul>\r\n<\/div>\r\n<\/div>\r\n\r\n\r\n\r\n<div class=\"wp-block-columns has-background is-layout-flex wp-container-core-columns-is-layout-9d6595d7 wp-block-columns-is-layout-flex\" style=\"background-color: #fcfcfc;\">\r\n<div class=\"wp-block-column is-vertically-aligned-center is-layout-flow wp-block-column-is-layout-flow\">\r\n<h2 class=\"has-text-align-center wp-block-heading\"><strong>IGNACY<\/strong><\/h2>\r\n<\/div>\r\n\r\n\r\n\r\n<div class=\"wp-block-column is-layout-flow wp-block-column-is-layout-flow\">\r\n<ul class=\"wp-block-list\">\r\n<li>0,42% woda chlorkowo-wodorow\u0119glanowo-sodowo-borowa<\/li>\r\n<\/ul>\r\n<\/div>\r\n\r\n\r\n\r\n<div class=\"wp-block-column is-layout-flow wp-block-column-is-layout-flow\">\r\n<ul class=\"wp-block-list\">\r\n<li>schorzenia g\u00f3rnych dr\u00f3g oddechowych,<\/li>\r\n<li>choroby dr\u00f3g \u017c\u00f3\u0142ciowych,<\/li>\r\n<li>kamica dr\u00f3g moczowych i \u017c\u00f3\u0142ciowych,<\/li>\r\n<li>nie\u017cyty \u017co\u0142\u0105dka<\/li>\r\n<\/ul>\r\n<\/div>\r\n<\/div>\r\n\r\n\r\n\r\n<div class=\"wp-block-columns has-background is-layout-flex wp-container-core-columns-is-layout-9d6595d7 wp-block-columns-is-layout-flex\" style=\"background-color: #f1f1f1;\">\r\n<div class=\"wp-block-column is-vertically-aligned-center is-layout-flow wp-block-column-is-layout-flow\">\r\n<h2 class=\"has-text-align-center wp-block-heading\"><strong>JAN<\/strong><\/h2>\r\n<\/div>\r\n\r\n\r\n\r\n<div class=\"wp-block-column is-layout-flow wp-block-column-is-layout-flow\">\r\n<ul class=\"wp-block-list\">\r\n<li>0,17% woda wodorow\u0119glanowo-sodowo-wapniowa,<\/li>\r\n<li>borowa,<\/li>\r\n<li>siarczkowa<\/li>\r\n<\/ul>\r\n<\/div>\r\n\r\n\r\n\r\n<div class=\"wp-block-column is-layout-flow wp-block-column-is-layout-flow\">\r\n<ul class=\"wp-block-list\">\r\n<li>kamica dr\u00f3g moczowych z wyj\u0105tkiem fosforanowej,<\/li>\r\n<li>przewlek\u0142e zapalenia dr\u00f3g moczowych<\/li>\r\n<\/ul>\r\n<\/div>\r\n<\/div>\r\n\r\n\r\n\r\n<div class=\"wp-block-columns has-background is-layout-flex wp-container-core-columns-is-layout-9d6595d7 wp-block-columns-is-layout-flex\" style=\"background-color: #fcfcfc;\">\r\n<div class=\"wp-block-column is-vertically-aligned-center is-layout-flow wp-block-column-is-layout-flow\">\r\n<h2 class=\"has-text-align-center wp-block-heading\"><strong>Zdr\u00f3j Czerpalny <\/strong><\/h2>\r\n\r\n\r\n\r\n<h2 class=\"has-text-align-center wp-block-heading\"><strong>\u201eMIECZYS\u0141AW\u201d<\/strong><\/h2>\r\n<\/div>\r\n\r\n\r\n\r\n<div class=\"wp-block-column is-layout-flow wp-block-column-is-layout-flow\">\r\n<ul class=\"wp-block-list\">\r\n<li>0,63% woda wodorow\u0119glanowo-chlorkow-sodowa,<\/li>\r\n<li>fluorkowa,<\/li>\r\n<li>jodkowa,<\/li>\r\n<li>borowa<\/li>\r\n<\/ul>\r\n<\/div>\r\n\r\n\r\n\r\n<div class=\"wp-block-column is-layout-flow wp-block-column-is-layout-flow\">\r\n<ul class=\"wp-block-list\">\r\n<li>choroby g\u00f3rnych i dolnych dr\u00f3g oddechowych,<\/li>\r\n<li>nadkwa\u015bne nie\u017cyty \u017co\u0142\u0105dka,<\/li>\r\n<li>schorzenia p\u0119cherzyka \u017c\u00f3\u0142ciowego,<\/li>\r\n<li>zapalenia i kamica dr\u00f3g \u017c\u00f3\u0142ciowych,<\/li>\r\n<li>stany po zatruciach zawodowych i lekowych,<\/li>\r\n<li>wczesny okres marsko\u015bci w\u0105troby,<\/li>\r\n<li>rekonwalescencje po \u017c\u00f3\u0142taczkach zaka\u017anych i mechanicznych,<\/li>\r\n<li>dyskinezy dr\u00f3g \u017c\u00f3\u0142ciowych<\/li>\r\n<\/ul>\r\n<\/div>\r\n<\/div>\r\n\r\n\r\n\r\n<div class=\"wp-block-columns has-background is-layout-flex wp-container-core-columns-is-layout-9d6595d7 wp-block-columns-is-layout-flex\" style=\"background-color: #f1f1f1;\">\r\n<div class=\"wp-block-column is-vertically-aligned-center is-layout-flow wp-block-column-is-layout-flow\">\r\n<h2 class=\"has-text-align-center wp-block-heading\"><strong>KROKUSOWE<\/strong><\/h2>\r\n<\/div>\r\n\r\n\r\n\r\n<div class=\"wp-block-column is-layout-flow wp-block-column-is-layout-flow\">\r\n<ul class=\"wp-block-list\">\r\n<li>0,64% woda chlorkowo-wodorow\u0119glanowo-sodowa,<\/li>\r\n<li>bromkowa,<\/li>\r\n<li>jodkowa,<\/li>\r\n<li>borowa<\/li>\r\n<\/ul>\r\n<\/div>\r\n\r\n\r\n\r\n<div class=\"wp-block-column is-layout-flow wp-block-column-is-layout-flow\">\r\n<ul class=\"wp-block-list\">\r\n<li>choroby g\u00f3rnych dr\u00f3g oddechowych,<\/li>\r\n<li>nie\u017cytach \u017co\u0142\u0105dka,<\/li>\r\n<li>stanach zapalnych dr\u00f3g moczowych<\/li>\r\n<\/ul>\r\n<\/div>\r\n<\/div>\r\n\r\n\r\n\r\n<div class=\"wp-block-columns has-background is-layout-flex wp-container-core-columns-is-layout-9d6595d7 wp-block-columns-is-layout-flex\" style=\"background-color: #fcfcfc;\">\r\n<div class=\"wp-block-column is-vertically-aligned-center is-layout-flow wp-block-column-is-layout-flow\">\r\n<h2 class=\"has-text-align-center wp-block-heading\"><strong>Zdr\u00f3j Czerpalny \u201eDanuta\u201d<\/strong><\/h2>\r\n<\/div>\r\n\r\n\r\n\r\n<div class=\"wp-block-column is-layout-flow wp-block-column-is-layout-flow\">\r\n<ul class=\"wp-block-list\">\r\n<li>0,51% woda kwasow\u0119glowa,<\/li>\r\n<li>chlorkowo-wodorow\u0119glanowo-sodowa,<\/li>\r\n<li>jodkowo,<\/li>\r\n<li>borowa<\/li>\r\n<\/ul>\r\n<\/div>\r\n\r\n\r\n\r\n<div class=\"wp-block-column is-layout-flow wp-block-column-is-layout-flow\">\r\n<ul class=\"wp-block-list\">\r\n<li>choroby uk\u0142adu oddechowego,<\/li>\r\n<li>narz\u0105du ruchu i tkanki \u0142\u0105cznej,<\/li>\r\n<li>schorzenia uk\u0142adu nerwowego,<\/li>\r\n<li>przemiany materii,<\/li>\r\n<li>endokrynologiczne,<\/li>\r\n<li>uk\u0142adu moczowego i dr\u00f3g \u017c\u00f3\u0142ciowych<\/li>\r\n<\/ul>\r\n<\/div>\r\n<\/div>\r\n","protected":false},"excerpt":{"rendered":"<p>NAZWA \u0179R\u00d3D\u0141A CHARAKTERYSTYKA WODY WSKAZANIA LECZNICZE TYTUS 0,85% szczawa-chlorkowo-sodowa, \u017celazista, bromkowa, jodkowa, borowa choroby uk\u0142adu oddechowego, choroby wieku dzieci\u0119cego, uk\u0142adu kr\u0105\u017cenia, przemiany materii, zaburzenia gruczo\u0142\u00f3w [&hellip;]<\/p>\n","protected":false},"author":2,"featured_media":0,"parent":0,"menu_order":0,"comment_status":"closed","ping_status":"closed","template":"","meta":{"footnotes":""},"class_list":["post-14","page","type-page","status-publish","hentry"],"_links":{"self":[{"href":"https:\/\/uzdrowisko-rymanow.com.pl\/celestynka\/wp-json\/wp\/v2\/pages\/14","targetHints":{"allow":["GET"]}}],"collection":[{"href":"https:\/\/uzdrowisko-rymanow.com.pl\/celestynka\/wp-json\/wp\/v2\/pages"}],"about":[{"href":"https:\/\/uzdrowisko-rymanow.com.pl\/celestynka\/wp-json\/wp\/v2\/types\/page"}],"author":[{"embeddable":true,"href":"https:\/\/uzdrowisko-rymanow.com.pl\/celestynka\/wp-json\/wp\/v2\/users\/2"}],"replies":[{"embeddable":true,"href":"https:\/\/uzdrowisko-rymanow.com.pl\/celestynka\/wp-json\/wp\/v2\/comments?post=14"}],"version-history":[{"count":51,"href":"https:\/\/uzdrowisko-rymanow.com.pl\/celestynka\/wp-json\/wp\/v2\/pages\/14\/revisions"}],"predecessor-version":[{"id":284,"href":"https:\/\/uzdrowisko-rymanow.com.pl\/celestynka\/wp-json\/wp\/v2\/pages\/14\/revisions\/284"}],"wp:attachment":[{"href":"https:\/\/uzdrowisko-rymanow.com.pl\/celestynka\/wp-json\/wp\/v2\/media?parent=14"}],"curies":[{"name":"wp","href":"https:\/\/api.w.org\/{rel}","templated":true}]}}